h be 6 + s + 1 + -1. Suppose -h*m + 12 = m. What is the units digit of m?
4
Let u(n) = n**3 - 4*n**2 + 4*n - 6. Let a be u(4). Let b = a - 7. What is the tens digit of (141/b - -4) + -3?
4
Let d = -5 - -8. Suppose d*i - 15 = -2*i. Suppose b - 7*f = -i*f + 12, -14 = -b + 2*f. What is the tens digit of b?
1
Suppose 0 = -l + 2*j + 328, -7*l - 5*j - 1650 = -12*l. What is the tens digit of l?
3
Let c(z) = -6*z - 23. Let a be c(-4). What is the hundreds digit of a + (-4764)/(-34) - 14/119?
1
Suppose -2 = 2*r + 2*i + 2, -5*r - 42 = -3*i. Let d be (r - 2)*(-17)/1. Let p = d + -93. What is the units digit of p?
3
Let v(a) = a**2 + 3*a - 7. Let u(r) = -r**3 + 9*r**2 - 9*r + 2. Suppose 4*s = 6*s - 16. Let m be u(s). What is the units digit of v(m)?
1
Let w = 789 - 397. Suppose -w = -2*m - 5*m. What is the units digit of m?
6
Let a(l) = -2*l**2 + 3*l - 2. Let s be a(2). Suppose 69 - 39 = -5*n. What is the units digit of (-18)/n + s/(-1)?
7
Let a = 370 - -141. What is the tens digit of a?
1
What is the thousands digit of 1471/(((-1)/(-3))/((-17)/(-51)))?
1
Let v(n) = 2*n - 31. Let a be v(-19). Let t = 146 + a. What is the tens digit of t?
7
Suppose -5*x = 0, -639 = -4*b - 3*x + 1597. What is the tens digit of b?
5
Suppose -88 = 2*u + 2*b - 322, -3*u - 5*b + 351 = 0. What is the tens digit of u?
1
Let v = 271 + -197. What is the units digit of v?
4
Let l(h) = -2*h + 10. Let s be l(3). Suppose 224 = 4*b - 0*b - s*c, -2*c - 295 = -5*b. What is the units digit of b?
1
Let v be 1*(-1)/2*0. Suppose s + 2*s + 42 = 3*f, v = 3*f + 4*s - 49. Suppose -f = -3*c, m - 40 = c - 5. What is the units digit of m?
0
Let d = 16 + -15. Suppose i + d = -h, -3*i + h + 1 = i. Suppose 5*n - 3*m - 151 = i, -n - 3*m = -39 - 2. What is the tens digit of n?
3
Let g be 2*3/(-12) - 40/16. Let u = 4 + -10. What is the units digit of (10/g)/(4/u)?
5
Let g = 114 - 189. What is the hundreds digit of (26 - -2)*g/(-12)?
1
Let l = 6635 - 3129. What is the tens digit of l?
0
What is the units digit of (-6)/(-21) + ((-11716)/(-7) - -1)?
5
Let o be 8/(-52) + (-106)/(-13). Let r(n) = n - 9. Let v be r(o). What is the tens digit of (0 + v)*26/(-2)?
1
What is the units digit of 6/(-12)*8 + 341 + -3?
4
Suppose 5*b = 46 - 356. What is the units digit of 1/2*b/(-1)?
1
Let h(p) = 95*p + 106. What is the hundreds digit of h(2)?
2
Let y(g) = g**3 - 5*g**2 + 9*g + 4. What is the hundreds digit of y(10)?
5
Let l = 65 + -77. What is the tens digit of (-12)/(-5 + (-58)/l)?
7
Let l(m) = -m**2 - 6*m - 6. Let j be l(-4). Let z(x) = 3*x**j + 5 - 8 + 5 + 3*x. What is the tens digit of z(-5)?
6
Suppose -3 = -4*g + 5*n, 3*n + 18 = -5*g + 2*n. What is the units digit of 9 - g/((-12)/8)?
7
Suppose 3*f = -3 + 9. What is the units digit of 19/f + (-10)/20?
9
Let y = -3 - -3. Suppose 4*x - 9 - 11 = y. Suppose -125 = -x*v + 5*m, -3*v - 4*m + 18 = -85. What is the tens digit of v?
2
Suppose 222 - 16491 = -17*n. What is the units digit of n?
7
Suppose 0 = -5*x + 11*x - 9612. Suppose 20*l - x = 11*l. What is the hundreds digit of l?
1
Let o(c) = c**2 - 9*c**2 - 40*c - 3*c**3 + 12 + 24*c + 24*c. What is the tens digit of o(-4)?
4
Let a(p) = -18*p - 10. Let r be a(5). Let c be ((-4)/10)/((-10)/r). Let l(u) = u**3 + 5*u**2 + 3*u + 1. What is the units digit of l(c)?
5
Suppose -3*i + 0*i + 3 = 0. Let d(q) = 46*q**3 - 2*q**2 + 1. What is the units digit of d(i)?
5
Suppose 4*j - 6 - 10 = 0. Suppose s - 3*x = 36, -s - 128 = -j*s + 4*x. What is the units digit of s?
8
Let p(d) = -d. Let h(m) = -m**2 - 3*m + 3. Let f(u) = -h(u) + 6*p(u). What is the units digit of f(7)?
5
Let n(q) = 113*q + 1. Let r be n(1). Let d be (-1)/(2/(-2)) + -63. Let u = r + d. What is the units digit of u?
2
Let w be 3 + -2 - (-12 + 4). Let c = -9 + w. Suppose -t + 3*d = -2*d - 27, -4*t - 2*d + 64 = c. What is the units digit of t?
7
Let u(h) = h**2 - 2*h + 1. Let i be u(2). Let f be 66/i + (-4)/(-1). Suppose -87 = -3*a + 2*y + f, 3*a - 3*y - 162 = 0. What is the tens digit of a?
4
Suppose -79*j = -71*j - 7768. What is the units digit of j?
1
Suppose 5*f + 3*s = 17, 0*s + 16 = 4*s. Let y(i) be the second derivative of 59*i**4/12 + i**3/2 - 3*i**2/2 + 3*i. What is the units digit of y(f)?
9
Let s be ((-108)/(-14))/(5/105). Suppose 0 = y - 5*g, -2*y - 6*g = -g. Suppose -6*r = -y*r - s. What is the units digit of r?
7
Suppose -31208 = -25*t - 22*t. What is the tens digit of t?
6
Let f(p) = -4*p**3 - 3*p**2 - 3*p + 4. Let u be f(-2). Let r = u + -18. What is the tens digit of r?
1
Suppose 4*l = 4*g + 5*l - 2893, g = 2*l + 712. What is the units digit of g?
2
Let o(l) = 46*l + 5. Suppose 7*b - 8 = -b. What is the units digit of o(b)?
1
What is the hundreds digit of ((-14348)/3)/(-4) - 28/42?
1
Suppose 2*t = 2*i + 830, 10*t - 6*t - 1681 = -3*i. What is the units digit of t?
8
Let w = 158 + -430. What is the tens digit of (w/28)/(6/(-21))?
3
Suppose -3*c - 2*n = -3*n + 2, 4*c = -n - 12. Let o(r) = -r. Let a be o(5). Let b = c - a. What is the units digit of b?
3
Suppose -29*w = -22*w - 1540. What is the hundreds digit of w?
2
Suppose 0 = 74*f - 78*f + 3644. What is the tens digit of f?
1
Let f = 31 - 20. Suppose 4*s - 2*x - 8 = x, -f = -3*s + x. Suppose 8*r = s*r + 144. What is the tens digit of r?
4
Suppose 2*d = -0*d + 670. Suppose 4*g = -g + d. What is the units digit of g?
7
Let w(s) be the second derivative of 0 - 3*s + 5/3*s**3 - 3*s**2. What is the units digit of w(3)?
4
Let g(z) = -4*z + 3. Let j be g(-5). Suppose 0 = -20*b + j*b - 6. Suppose b*w + 2*w = 112. What is the units digit of w?
8
Let c(z) = 15*z**2 + 18*z - 9. What is the units digit of c(-4)?
9
What is the hundreds digit of 8/(-40) - 1901*(-1)/5?
3
Suppose 4*v = 4*l + 20, -4*v = -0*l - l + 4. Let u(i) be the first derivative of i**4/4 + 7*i**3/3 - 13*i**2/2 - 10*i + 30. What is the tens digit of u(l)?
3
Let t(d) = -3*d - 15. Let g be t(-7). What is the tens digit of (-15)/(-10)*68/g?
1
Let a(b) = 3*b**2 - 19*b - 145. What is the tens digit of a(21)?
7
Let k(c) = -c**2 + 1 + 297*c**3 - c - 445*c**3 - 2. What is the hundreds digit of k(-1)?
1
Suppose 903*l - 1284 = 900*l. What is the tens digit of l?
2
Suppose 0 = -12*j + 21*j + 54. What is the hundreds digit of 2/j - 17518/(-57)?
3
Suppose 0 = 4*j - b - 3*b - 3772, 4*j - 3745 = -5*b. Suppose -6*s = -11*s + j. What is the units digit of s?
8
Let w(s) = 184*s**2 + 5*s + 2. Let d be w(-3). Suppose d - 603 = 10*i. What is the tens digit of i?
0
Suppose 0 = 4*l - 8*l + 428. Suppose -2*a - 39 = -l. What is the tens digit of a?
3
Let t = -638 - -1567. What is the hundreds digit of t?
9
Suppose -3*d + 5083 = 4*z, -5*z + 2*d - 6*d = -6353. Suppose -13*v = -781 - z. What is the units digit of v?
8
Let b = 622 - 583. What is the tens digit of b?
3
Let v = 1720 + -449. What is the hundreds digit of v?
2
Let s(y) = -y**2 + 23*y - 7. Let i(p) = 2*p**2 - 45*p + 15. Let u(n) = -4*i(n) - 7*s(n). Suppose 0 = -2*t - t + 45. What is the units digit of u(t)?
9
Suppose 11*b = 8*b + 171. Suppose 0 = -i - 4 + 10. Suppose -b = 3*l - i*l. What is the units digit of l?
9
Suppose 0 = 255*a - 268*a + 29913. What is the thousands digit of a?
2
Let c = 54 - 52. Suppose -168 = -c*t + 4*r, t + 2*t = -5*r + 208. What is the units digit of t?
6
Suppose -4*p = -2*p. Suppose -3*w = -4*w - 2. What is the tens digit of w/(-2 - p)*19?
1
Let d(c) = 2*c**3 - 2*c**2 - 3*c + 10. Let p(i) = i**3 - 12*i**2 + 22*i - 15. Let q be p(10). What is the tens digit of d(q)?
9
Let q(m) = 2*m + 25. Let d be q(-11). Suppose 0 = n - 2*w - 32 - 14, 0 = 4*n - d*w - 199. What is the tens digit of n?
5
Let d(i) = i**2 - 17*i - 14. Let c be d(18). Suppose 4*u - 172 = -c*a, a + 17 = u + 60. What is the units digit of a?
3
Suppose 2802 = -12*o + 14*o - 5*l, -2*l = -3*o + 4214. What is the thousands digit of o?
1
Let x = 287 - 287. Let h be (-40)/6*(0 + -3). Suppose -3*s - 192 = -4*m + s, -5*s - h = x. What is the units digit of m?
4
Let u be 4/(-8) - 5/(-2). Suppose -u = -l + 157. What is the tens digit of l?
5
Suppose -5*m - 2*o + 3983 = 0, -2*m - 2*o + 1610 = 3*o. What is the tens digit of m?
9
Let y(c) = 16*c**3 - c. Let f be 10/4 - (-6)/12. Let h(s) = s**3 - 3*s**2 + 2*s - 5. Let b be h(f). What is the tens digit of y(b)?
1
Let b(v) = -8*v**2 - 4*v - 2. Let g(j) = 17*j**2 + 7*j + 5. Let k(p) = -9*b(p)